= -2*s + 14 + 18. Calculate the remainder when f is divided by s.
13
Let b = -22 + 24. Calculate the remainder when b is divided by 2.
0
Let n = 7 - -13. Suppose -4*y + 2*y = -4*g + n, 5*g - 39 = -y. Calculate the remainder when 25 is divided by g.
4
Suppose 5*o = 2 + 8. Calculate the remainder when o is divided by 2.
0
Let h(q) = q + 4*q + 4 + 7*q. Let w = 19 - 5. Calculate the remainder when h(3) is divided by w.
12
Let o(t) = -t - 9. Let u be o(-6). Let b be (u/9*0)/1. Suppose 5*w + b*w + 9 = -4*x, 3*w + 3 = -3*x. Calculate the remainder when 11 is divided by x.
3
Let n = 6 + 2. Let c = 1 + 5. Let r = c + n. What is the remainder when 27 is divided by r?
13
Suppose -5*g + c + 3*c = -128, 0 = 2*g + 4*c - 68. What is the remainder when 80 is divided by g?
24
Let m = -6 - -26. Suppose 3*b + 12 = -0*p + 5*p, -5*b - 4*p = m. Let t = 8 - b. Calculate the remainder when 34 is divided by t.
10
Let b = -4 + 6. Let o = -19 - -37. Suppose o = 4*r - r. Calculate the remainder when r is divided by b.
0
What is the remainder when 36 is divided by ((-136)/(-7))/2 - 12/(-42)?
6
Suppose 6*v - 2811 = -93. Suppose -v - 62 = -5*x. Calculate the remainder when x is divided by 26.
25
Let i(p) = p**3 - 5*p**2 - 5*p + 1. Let w = 11 + 5. Let a = w + -3. What is the remainder when a is divided by i(6)?
6
Let n(z) = -7*z. What is the remainder when 33 is divided by n(-1)?
5
Suppose -52 = -4*y - 4*v, -2*y - 4*v - 5 = -23. What is the remainder when 33 is divided by y?
16
Let v be 6/9*171 - 3. Suppose 0 = -4*s + v + 25. Suppose 25 - 61 = -3*l. Calculate the remainder when s is divided by l.
10
Suppose 2*i + 38 = 4*i. Calculate the remainder when 55 is divided by i.
17
Let o be (-6)/(-3) - -13 - -2. Let r = o - -5. Calculate the remainder when r is divided by 12.
10
Let g = -52 - -77. Calculate the remainder when g is divided by 14.
11
What is the remainder when 177 is divided by (22/6 + -3)*45*1?
27
Suppose -3*l + 10 = -5, -4*l - 116 = -4*h. What is the remainder when h is divided by 12?
10
Suppose 3*j + 2*j - 68 = -a, -2*j = -8. What is the remainder when a is divided by 17?
14
Suppose 6 = -p + 2*k, -2*k + 2 = -5*p + k. Suppose -q + 12 = -p*f, -4*q - 2*f + 0*f - 2 = 0. Calculate the remainder when 5 is divided by q.
1
Let h = 60 + -35. Suppose o + 1 = 13. Let x = o - -1. What is the remainder when h is divided by x?
12
What is the remainder when 21 is divided by 2 + 2 + 2 + 0?
3
Let h be (0 - 15)*24/(-18). Suppose 31 = 2*l - 71. Let x = l - h. What is the remainder when x is divided by 11?
9
What is the remainder when (-4)/(-10) - 2119/(-65) is divided by 9?
6
Suppose 2*y - 38 = -14. Let b be 2/(2 + 15/(-9)). Suppose -5*t - 2*u + b*u + 174 = 0, 4*t + u - 135 = 0. Calculate the remainder when t is divided by y.
10
Let k be (-25)/2*2/(-1). Suppose 0 = -9*z + 4*z + k. What is the remainder when 18 is divided by z?
3
Let o(z) = 4*z**2 - 6*z + 2. Let s be o(3). Let r = s - 12. What is the remainder when r is divided by 5?
3
Let d(r) = 6*r + 4 - r**2 + 2*r**2 + 1. Calculate the remainder when 13 is divided by d(-6).
3
Let w(v) = 10*v**2 - 4*v + 3. What is the remainder when w(3) is divided by 22?
15
Calculate the remainder when 61 is divided by (-64)/(-10)*(-10)/(-4).
13
Let o be (-3)/2 - (-60)/(-24). Calculate the remainder when 15 is divided by (72/30)/(o/(-10)).
3
Suppose 0 = 5*p - 3*p. Suppose p*t - 7 = -t. What is the remainder when 26 is divided by t?
5
Let b = 40 - 21. Calculate the remainder when 6/(-4)*(-438)/9 is divided by b.
16
Let m(k) = -k**3 + 9*k**2 - 5*k + 2. Let x = -7 + 3. Let h = x - -12. Calculate the remainder when m(h) is divided by 14.
12
Let h(z) = 2*z**2 + z - 5. What is the remainder when h(-5) is divided by 7?
5
Let q(b) = -b + 4. What is the remainder when 74 is divided by q(-3)?
4
Let l = -2 + 53. Suppose 48 = 3*d + d. Calculate the remainder when l*1/(-6)*-4 is divided by d.
10
Let u = 39 - 0. Suppose -j = -q - u + 7, 4*q = 12. Calculate the remainder when j is divided by 12.
11
Suppose 0 = p + p + 8. Let t be p - ((-2)/1 + 3). Let r(d) = -d**2 - 7*d - 1. Calculate the remainder when 24 is divided by r(t).
6
Let v = -3 - -5. What is the remainder when 46 is divided by (-3 - -9 - -2)*v?
14
Let f be 54*(6/(-9))/1. Let j = 16 + f. Let p = j - -43. What is the remainder when p is divided by 12?
11
Suppose 56 = 3*b + q, -3*b - q = 3*q - 62. Calculate the remainder when 141 is divided by b.
15
Let m = -57 - -69. Calculate the remainder when m is divided by 9.
3
Suppose y + 120 = 5*y - o, 3*y - 3*o = 99. Suppose a = y - 1. What is the remainder when a is divided by 4/(-10) + 77/5?
13
Suppose v + 5*t - 13 = 25, 0 = -4*v - t + 247. Suppose 0 = -0*f - 3*f + v. What is the remainder when 61 is divided by f?
19
Let r be (10/(-6))/(1/(-3)). Let n(b) = -b**3 + 4*b**2 + 6*b - 2. What is the remainder when n(r) is divided by 1?
0
Calculate the remainder when (-1)/((8/(-74))/4) is divided by 10.
7
Let j(x) = x**2 + 10*x + 12. Calculate the remainder when j(-13) is divided by 13.
12
Let z = -1 - -8. Calculate the remainder when (44/(-2))/(-1 - 1) is divided by z.
4
Suppose 0 = 8*c - 8 - 88. Calculate the remainder when 34 is divided by c.
10
Suppose -4*w - 3*l + 39 = 0, 11 = -4*w + l + 30. Let j be 8/(-28) + (-192)/14. Let h = j - -24. What is the remainder when h is divided by w?
4
Calculate the remainder when 75 is divided by ((-12)/8 - -2) + (-42)/(-4).
9
Suppose -3*n = 5*x - 84, -4*n - 81 = -7*n - 4*x. Suppose -z = -0*z - n. Calculate the remainder when z is divided by 6.
5
Let g = -11 + 23. What is the remainder when 34 is divided by g?
10
Suppose -5*z + 19 = -21. Calculate the remainder when 14 is divided by z.
6
Let s(c) = -4*c**2 - 3. Let k be s(3). Let o be 4/(-6)*k - 1. Suppose 5*b + 2*j - o = 0, 4*j - 3*j - 25 = -5*b. Calculate the remainder when 9 is divided by b.
4
Suppose 7 = 5*f - 8, 3*f = -r + 16. Suppose 5 = 2*n - r. What is the remainder when 21 is divided by n?
3
Let m(i) = 9*i - 18. Suppose -3*k + 158 = -55. What is the remainder when k is divided by m(4)?
17
Suppose -6*z - 4*z = -220. Calculate the remainder when 109 is divided by z.
21
What is the remainder when -2*-2*31/4 is divided by (-14)/35*(0 - 40)?
15
Let l(u) = 3*u + 24. What is the remainder when l(-7) is divided by 2?
1
Let l be (-1)/((-3)/24) - 3. Suppose 5*w + d - 5*d = 13, 5*d = 4*w - l. Let p = 11 - -2. Calculate the remainder when p is divided by w.
3
Let b(v) = 14*v + 2. Let d be b(3). Calculate the remainder when 42 is divided by 24/(-8)*d/(-6).
20
Let c = 23 + -16. Suppose 2 = f + 3. Let i = c - f. Calculate the remainder when 23 is divided by i.
7
Suppose -5*s = -65 + 10. Let q be ((4 - 3) + -3)*-2. Suppose -3*f + 5*r + 78 = 2*r, 4*f + q*r = 144. What is the remainder when f is divided by s?
9
Suppose -6*j - 75 = -11*j. What is the remainder when 57 is divided by j?
12
Let k = -4 + 14. Let q = 23 + k. Calculate the remainder when q is divided by 18.
15
Let d(n) = -3 - 1 - 3*n + 3*n + n. Let f be d(0). Calculate the remainder when (-86)/(-10) - f/10 is divided by 5.
4
Let y = -54 - -17. Let u = -19 - y. Calculate the remainder when u is divided by 5.
3
Let d = -10 + 12. Suppose 0 = -4*c + 3*u + 8, -4*u + d*u = -3*c + 7. Calculate the remainder when 13 is divided by c.
3
Let y = 67 - 41. Let w = 198 + -137. Suppose w = 4*h - t, -3*h - t + 2*t = -47. Calculate the remainder when y is divided by h.
12
Suppose o = -0*o + 5. Let g = 3 + -1. What is the remainder when 1/o + (-45)/(-25) is divided by g?
0
Suppose -5*x + 2 = -a - 32, 4*x - a - 28 = 0. Calculate the remainder when 34 is divided by x.
4
Suppose w - s - 11 = 0, w - 13 = -s + 6. Suppose 2*n + 0 = f + 9, 13 = -3*f - n. Calculate the remainder when w is divided by ((-3)/f)/(3/45).
6
Suppose 0 = -3*z + 18 + 45. Suppose 0 = 3*b - 243. Calculate the remainder when b is divided by z.
18
Suppose -6*d = -3*d - 54. Calculate the remainder when 89 is divided by d.
17
Let c = 3 + -1. Let u be 474/30 - 2/(-10). Suppose -c = -d, -i - 2*d + u = -d. What is the remainder when i is divided by 5?
4
Let l = -44 - -24. What is the remainder when 35 is divided by 0 - (-2 - -4) - l?
17
Let l = 20 - 3. Suppose 28 + l = 5*u. Calculate the remainder when 129/5 - 3/(-15) is divided by u.
8
Suppose 4*n + 18 = 62. Calculate the remainder 